{"id":32,"date":"2023-11-02T16:14:17","date_gmt":"2023-11-02T15:14:17","guid":{"rendered":"https:\/\/moderaternabollebygd.se\/?page_id=32"},"modified":"2023-12-18T13:43:42","modified_gmt":"2023-12-18T12:43:42","slug":"var-politik","status":"publish","type":"page","link":"https:\/\/moderaternabollebygd.se\/?page_id=32","title":{"rendered":"V\u00e5r politik"},"content":{"rendered":"\n<p>H\u00e4r hittar du en \u00f6versikt \u00f6ver v\u00e5r politik inom viktiga omr\u00e5den. Om du inte hittar svar p\u00e5 det du s\u00f6ker, \u00e4r du v\u00e4lkommen att <a href=\"\/kontakta-oss\/\">kontakta oss<\/a>!<\/p>\n\n\n\n<p><\/p>\n\n\n\n<p><strong>Lokala fr\u00e5gor:<\/strong><\/p>\n\n\n\n<div class=\"wp-block-buttons is-layout-flex wp-block-buttons-is-layout-flex\">\n<div class=\"wp-block-button has-custom-width wp-block-button__width-25\"><a class=\"wp-block-button__link wp-element-button\" href=\"https:\/\/moderaternabollebygd.se\/?page_id=71\">V\u00e5r politik f\u00f6r Bollebygds kommun<\/a><\/div>\n\n\n<\/div>\n\n\n\n<p> <\/p>\n\n\n\n<p><strong>Nationella fr\u00e5gor:<\/strong><\/p>\n\n\n\n<div class=\"wp-block-buttons is-layout-flex wp-block-buttons-is-layout-flex\">\n<div class=\"wp-block-button has-custom-width wp-block-button__width-25\"><a class=\"wp-block-button__link wp-element-button\" href=\"https:\/\/moderaterna.se\/var-politik\/hur-far-vi-ordning-pa-brottsligheten\/\">Tryggheten<\/a><\/div>\n\n\n\n<div class=\"wp-block-button has-custom-width wp-block-button__width-25\"><a class=\"wp-block-button__link wp-element-button\" href=\"https:\/\/moderaterna.se\/var-politik\/klimat\/\">Klimatet<\/a><\/div>\n<\/div>\n\n\n\n<p> <\/p>\n\n\n\n<div class=\"wp-block-buttons is-layout-flex wp-block-buttons-is-layout-flex\">\n<div class=\"wp-block-button has-custom-width wp-block-button__width-25\"><a class=\"wp-block-button__link wp-element-button\" href=\"https:\/\/moderaterna.se\/var-politik\/skola\/\">Skolan<\/a><\/div>\n\n\n\n<div class=\"wp-block-button has-custom-width wp-block-button__width-25\"><a class=\"wp-block-button__link wp-element-button\" href=\"https:\/\/moderaterna.se\/var-politik\/forskola-och-forskoleklass\/\">F\u00f6rskolan<\/a><\/div>\n<\/div>\n\n\n\n<p>  <\/p>\n\n\n\n<div class=\"wp-block-buttons is-layout-flex wp-block-buttons-is-layout-flex\">\n<div class=\"wp-block-button has-custom-width wp-block-button__width-25\"><a class=\"wp-block-button__link wp-element-button\" href=\"https:\/\/moderaterna.se\/var-politik\/ekonomi-och-jobb\/\">Jobben<\/a><\/div>\n\n\n\n<div class=\"wp-block-button has-custom-width wp-block-button__width-25\"><a class=\"wp-block-button__link wp-element-button\" href=\"https:\/\/moderaterna.se\/var-politik\/migrationspolitik\/\">Invandringen<\/a><\/div>\n<\/div>\n\n\n\n<p> <br><\/p>\n","protected":false},"excerpt":{"rendered":"<p>H\u00e4r hittar du en \u00f6versikt \u00f6ver v\u00e5r politik inom viktiga omr\u00e5den. Om du inte hittar svar p\u00e5 det du s\u00f6ker, \u00e4r du v\u00e4lkommen att kontakta oss! Lokala fr\u00e5gor: Nationella fr\u00e5gor:<\/p>\n","protected":false},"author":3,"featured_media":0,"parent":0,"menu_order":0,"comment_status":"closed","ping_status":"closed","template":"","meta":{"_acf_changed":false,"footnotes":""},"subject":[],"class_list":["post-32","page","type-page","status-publish","hentry"],"acf":[],"_links":{"self":[{"href":"https:\/\/moderaternabollebygd.se\/index.php?rest_route=\/wp\/v2\/pages\/32","targetHints":{"allow":["GET"]}}],"collection":[{"href":"https:\/\/moderaternabollebygd.se\/index.php?rest_route=\/wp\/v2\/pages"}],"about":[{"href":"https:\/\/moderaternabollebygd.se\/index.php?rest_route=\/wp\/v2\/types\/page"}],"author":[{"embeddable":true,"href":"https:\/\/moderaternabollebygd.se\/index.php?rest_route=\/wp\/v2\/users\/3"}],"replies":[{"embeddable":true,"href":"https:\/\/moderaternabollebygd.se\/index.php?rest_route=%2Fwp%2Fv2%2Fcomments&post=32"}],"version-history":[{"count":5,"href":"https:\/\/moderaternabollebygd.se\/index.php?rest_route=\/wp\/v2\/pages\/32\/revisions"}],"predecessor-version":[{"id":78,"href":"https:\/\/moderaternabollebygd.se\/index.php?rest_route=\/wp\/v2\/pages\/32\/revisions\/78"}],"wp:attachment":[{"href":"https:\/\/moderaternabollebygd.se\/index.php?rest_route=%2Fwp%2Fv2%2Fmedia&parent=32"}],"wp:term":[{"taxonomy":"subject","embeddable":true,"href":"https:\/\/moderaternabollebygd.se\/index.php?rest_route=%2Fwp%2Fv2%2Fsubject&post=32"}],"curies":[{"name":"wp","href":"https:\/\/api.w.org\/{rel}","templated":true}]}}